[INFO] cloning repository https://github.com/CryZe/livesplit-auto-splitting
[INFO] running `Command { std: "git" "-c" "credential.helper=" "-c" "credential.helper=/workspace/cargo-home/bin/git-credential-null" "clone" "--bare" "https://github.com/CryZe/livesplit-auto-splitting" "/workspace/cache/git-repos/https%3A%2F%2Fgithub.com%2FCryZe%2Flivesplit-auto-splitting", kill_on_drop: false }`
[INFO] [stderr] Cloning into bare repository '/workspace/cache/git-repos/https%3A%2F%2Fgithub.com%2FCryZe%2Flivesplit-auto-splitting'...
[INFO] running `Command { std: "git" "rev-parse" "HEAD", kill_on_drop: false }`
[INFO] [stdout] b5a70e00c1c770dba1c7e5397586d18b5685e07e
[INFO] building CryZe/livesplit-auto-splitting against master#881c1ac408d93bb7adaa3a51dabab9266e82eee8 for issue-85264
[INFO] running `Command { std: "git" "clone" "/workspace/cache/git-repos/https%3A%2F%2Fgithub.com%2FCryZe%2Flivesplit-auto-splitting" "/workspace/builds/worker-4/source", kill_on_drop: false }`
[INFO] [stderr] Cloning into '/workspace/builds/worker-4/source'...
[INFO] [stderr] done.
[INFO] validating manifest of git repo https://github.com/CryZe/livesplit-auto-splitting on toolchain 881c1ac408d93bb7adaa3a51dabab9266e82eee8
[INFO] running `Command { std: "/workspace/cargo-home/bin/cargo" "+881c1ac408d93bb7adaa3a51dabab9266e82eee8" "metadata" "--manifest-path" "Cargo.toml" "--no-deps", kill_on_drop: false }`
[INFO] started tweaking git repo https://github.com/CryZe/livesplit-auto-splitting
[INFO] finished tweaking git repo https://github.com/CryZe/livesplit-auto-splitting
[INFO] tweaked toml for git repo https://github.com/CryZe/livesplit-auto-splitting written to /workspace/builds/worker-4/source/Cargo.toml
[INFO] crate git repo https://github.com/CryZe/livesplit-auto-splitting already has a lockfile, it will not be regenerated
[INFO] running `Command { std: "/workspace/cargo-home/bin/cargo" "+881c1ac408d93bb7adaa3a51dabab9266e82eee8" "fetch" "--manifest-path" "Cargo.toml", kill_on_drop: false }`
[INFO] [stderr]  Downloading crates ...
[INFO] [stderr]   Downloaded syn v0.14.6
[INFO] [stderr]   Downloaded docopt v0.8.3
[INFO] [stderr]   Downloaded ena v0.9.3
[INFO] [stderr]   Downloaded specs-derive v0.2.0
[INFO] [stderr]   Downloaded lalrpop-util v0.16.0
[INFO] [stderr]   Downloaded parity-wasm v0.31.1
[INFO] [stderr]   Downloaded lalrpop v0.16.0
[INFO] [stderr]   Downloaded lalrpop-snap v0.16.0
[INFO] running `Command { std: "docker" "create" "-v" "/var/lib/crater-agent-workspace/builds/worker-4/target:/opt/rustwide/target:rw,Z" "-v" "/var/lib/crater-agent-workspace/builds/worker-4/source:/opt/rustwide/workdir:ro,Z" "-v" "/var/lib/crater-agent-workspace/cargo-home:/opt/rustwide/cargo-home:ro,Z" "-v" "/var/lib/crater-agent-workspace/rustup-home:/opt/rustwide/rustup-home:ro,Z" "-e" "SOURCE_DIR=/opt/rustwide/workdir" "-e" "CARGO_TARGET_DIR=/opt/rustwide/target" "-e" "CARGO_HOME=/opt/rustwide/cargo-home" "-e" "RUSTUP_HOME=/opt/rustwide/rustup-home" "-w" "/opt/rustwide/workdir" "-m" "1610612736" "--user" "0:0" "--network" "none" "ghcr.io/rust-lang/crates-build-env/linux@sha256:20528e8c29e4536546f0102ce88568b16ea7538393a33fcca951030f7af10457" "/opt/rustwide/cargo-home/bin/cargo" "+881c1ac408d93bb7adaa3a51dabab9266e82eee8" "metadata" "--no-deps" "--format-version=1", kill_on_drop: false }`
[INFO] [stdout] 53ab05082ccd6dfac76dfdbab40c440a8394d32b843535d1e3de58dc1e410095
[INFO] [stderr] WARNING: Your kernel does not support swap limit capabilities or the cgroup is not mounted. Memory limited without swap.
[INFO] running `Command { std: "docker" "start" "-a" "53ab05082ccd6dfac76dfdbab40c440a8394d32b843535d1e3de58dc1e410095", kill_on_drop: false }`
[INFO] running `Command { std: "docker" "inspect" "53ab05082ccd6dfac76dfdbab40c440a8394d32b843535d1e3de58dc1e410095", kill_on_drop: false }`
[INFO] running `Command { std: "docker" "rm" "-f" "53ab05082ccd6dfac76dfdbab40c440a8394d32b843535d1e3de58dc1e410095", kill_on_drop: false }`
[INFO] [stdout] 53ab05082ccd6dfac76dfdbab40c440a8394d32b843535d1e3de58dc1e410095
[INFO] running `Command { std: "docker" "create" "-v" "/var/lib/crater-agent-workspace/builds/worker-4/target:/opt/rustwide/target:rw,Z" "-v" "/var/lib/crater-agent-workspace/builds/worker-4/source:/opt/rustwide/workdir:ro,Z" "-v" "/var/lib/crater-agent-workspace/cargo-home:/opt/rustwide/cargo-home:ro,Z" "-v" "/var/lib/crater-agent-workspace/rustup-home:/opt/rustwide/rustup-home:ro,Z" "-e" "SOURCE_DIR=/opt/rustwide/workdir" "-e" "CARGO_TARGET_DIR=/opt/rustwide/target" "-e" "CARGO_INCREMENTAL=0" "-e" "RUST_BACKTRACE=full" "-e" "RUSTFLAGS=--cap-lints=forbid" "-e" "CARGO_HOME=/opt/rustwide/cargo-home" "-e" "RUSTUP_HOME=/opt/rustwide/rustup-home" "-w" "/opt/rustwide/workdir" "-m" "1610612736" "--user" "0:0" "--network" "none" "ghcr.io/rust-lang/crates-build-env/linux@sha256:20528e8c29e4536546f0102ce88568b16ea7538393a33fcca951030f7af10457" "/opt/rustwide/cargo-home/bin/cargo" "+881c1ac408d93bb7adaa3a51dabab9266e82eee8" "build" "--frozen" "--message-format=json", kill_on_drop: false }`
[INFO] [stdout] e28fe127f695a0e330c8effee7881efb5052b4ba22d8769e78e8f2af7449b018
[INFO] [stderr] WARNING: Your kernel does not support swap limit capabilities or the cgroup is not mounted. Memory limited without swap.
[INFO] running `Command { std: "docker" "start" "-a" "e28fe127f695a0e330c8effee7881efb5052b4ba22d8769e78e8f2af7449b018", kill_on_drop: false }`
[INFO] [stderr]    Compiling unicode-xid v0.1.0
[INFO] [stderr]    Compiling version_check v0.1.4
[INFO] [stderr]    Compiling cfg-if v0.1.5
[INFO] [stderr]    Compiling siphasher v0.2.3
[INFO] [stderr]    Compiling rand_core v0.2.1
[INFO] [stderr]    Compiling ucd-util v0.1.1
[INFO] [stderr]    Compiling serde v1.0.75
[INFO] [stderr]    Compiling byteorder v1.2.3
[INFO] [stderr]    Compiling nodrop v0.1.12
[INFO] [stderr]    Compiling typenum v1.10.0
[INFO] [stderr]    Compiling scopeguard v0.3.3
[INFO] [stderr]    Compiling precomputed-hash v0.1.1
[INFO] [stderr]    Compiling bit-vec v0.5.0
[INFO] [stderr]    Compiling lalrpop-util v0.16.0
[INFO] [stderr]    Compiling regex-syntax v0.4.2
[INFO] [stderr]    Compiling diff v0.1.11
[INFO] [stderr]    Compiling arrayref v0.3.5
[INFO] [stderr]    Compiling byte-tools v0.2.0
[INFO] [stderr]    Compiling stable_deref_trait v1.1.1
[INFO] [stderr]    Compiling fake-simd v0.1.2
[INFO] [stderr]    Compiling strsim v0.6.0
[INFO] [stderr]    Compiling num-traits v0.2.5
[INFO] [stderr]    Compiling mopa v0.2.2
[INFO] [stderr]    Compiling atom v0.3.5
[INFO] [stderr]    Compiling winapi v0.3.5
[INFO] [stderr]    Compiling nan-preserving-float v0.1.0
[INFO] [stderr]    Compiling fnv v1.0.6
[INFO] [stderr]    Compiling crossbeam v0.3.2
[INFO] [stderr]    Compiling memory_units v0.3.0
[INFO] [stderr]    Compiling quick-error v1.2.2
[INFO] [stderr]    Compiling memchr v2.0.2
[INFO] [stderr]    Compiling atty v0.2.11
[INFO] [stderr]    Compiling num_cpus v1.8.0
[INFO] [stderr]    Compiling rand v0.4.3
[INFO] [stderr]    Compiling itertools v0.7.8
[INFO] [stderr]    Compiling itertools v0.5.10
[INFO] [stderr]    Compiling ascii-canvas v1.0.0
[INFO] [stderr]    Compiling syn v0.10.8
[INFO] [stderr]    Compiling log v0.4.5
[INFO] [stderr]    Compiling crossbeam-utils v0.2.2
[INFO] [stderr]    Compiling arrayvec v0.4.7
[INFO] [stderr]    Compiling proc-macro2 v0.3.8
[INFO] [stderr]    Compiling proc-macro2 v0.4.9
[INFO] [stderr]    Compiling proc-macro2 v0.2.3
[INFO] [stderr]    Compiling rand v0.5.5
[INFO] [stderr]    Compiling regex-syntax v0.6.2
[INFO] [stderr]    Compiling regex-syntax v0.5.6
[INFO] [stderr]    Compiling phf_shared v0.7.23
[INFO] [stderr]    Compiling owning_ref v0.3.3
[INFO] [stderr]    Compiling bit-set v0.5.0
[INFO] [stderr]    Compiling block-buffer v0.3.3
[INFO] [stderr]    Compiling fxhash v0.2.1
[INFO] [stderr]    Compiling parity-wasm v0.31.1
[INFO] [stderr]    Compiling parity-wasm v0.32.0
[INFO] [stderr]    Compiling new_debug_unreachable v1.0.1
[INFO] [stderr]    Compiling smallvec v0.6.5
[INFO] [stderr]    Compiling syn v0.11.11
[INFO] [stderr]    Compiling lazy_static v1.1.0
[INFO] [stderr]    Compiling aho-corasick v0.6.8
[INFO] [stderr]    Compiling ena v0.9.3
[INFO] [stderr]    Compiling quote v0.5.2
[INFO] [stderr]    Compiling quote v0.6.4
[INFO] [stderr]    Compiling quote v0.4.2
[INFO] [stderr]    Compiling parking_lot_core v0.2.14
[INFO] [stderr]    Compiling syn v0.14.6
[INFO] [stderr]    Compiling syn v0.12.15
[INFO] [stderr]    Compiling phf_generator v0.7.23
[INFO] [stderr]    Compiling parking_lot v0.5.5
[INFO] [stderr]    Compiling thread_local v0.3.6
[INFO] [stderr]    Compiling crossbeam-epoch v0.3.1
[INFO] [stderr]    Compiling string_cache_codegen v0.4.1
[INFO] [stderr]    Compiling generic-array v0.9.0
[INFO] [stderr]    Compiling crossbeam-deque v0.2.0
[INFO] [stderr]    Compiling digest v0.7.5
[INFO] [stderr]    Compiling wasmi v0.3.0
[INFO] [stderr]    Compiling rayon-core v1.4.1
[INFO] [stderr]    Compiling sha2 v0.7.1
[INFO] [stderr]    Compiling regex v1.0.5
[INFO] [stderr]    Compiling rayon v1.0.2
[INFO] [stderr]    Compiling string_cache v0.7.3
[INFO] [stderr]    Compiling regex v0.2.11
[INFO] [stderr]    Compiling shred-derive v0.5.0
[INFO] [stderr]    Compiling derivative v1.0.0
[INFO] [stderr]    Compiling specs-derive v0.2.0
[INFO] [stderr]    Compiling serde_derive v1.0.75
[INFO] [stderr]    Compiling num-derive v0.2.2
[INFO] [stderr]    Compiling shred v0.7.0
[INFO] [stderr]    Compiling hibitset v0.5.2
[INFO] [stderr]    Compiling lalrpop-snap v0.16.0
[INFO] [stderr]    Compiling asl-runtime v0.1.0 (/opt/rustwide/workdir/asl-runtime)
[INFO] [stdout] error[E0433]: failed to resolve: could not find `shared` in `winapi`
[INFO] [stdout]  --> asl-runtime/src/process.rs:1:13
[INFO] [stdout]   |
[INFO] [stdout] 1 | use winapi::shared::minwindef::{BOOL, DWORD};
[INFO] [stdout]   |             ^^^^^^ could not find `shared` in `winapi`
[INFO] [stdout] 
[INFO] [stdout] 
[INFO] [stdout] error[E0433]: failed to resolve: could not find `um` in `winapi`
[INFO] [stdout]  --> asl-runtime/src/process.rs:2:13
[INFO] [stdout]   |
[INFO] [stdout] 2 | use winapi::um::{
[INFO] [stdout]   |             ^^ could not find `um` in `winapi`
[INFO] [stdout] 
[INFO] [stdout] 
[INFO] [stdout] error[E0433]: failed to resolve: could not find `windows` in `os`
[INFO] [stdout]   --> asl-runtime/src/process.rs:15:14
[INFO] [stdout]    |
[INFO] [stdout] 15 | use std::os::windows::ffi::OsStringExt;
[INFO] [stdout]    |              ^^^^^^^ could not find `windows` in `os`
[INFO] [stdout] 
[INFO] [stdout] 
[INFO] [stdout] error[E0433]: failed to resolve: could not find `um` in `winapi`
[INFO] [stdout]    --> asl-runtime/src/process.rs:156:33
[INFO] [stdout]     |
[INFO] [stdout] 156 |                     use winapi::um::wow64apiset::IsWow64Process;
[INFO] [stdout]     |                                 ^^ could not find `um` in `winapi`
[INFO] [stdout] 
[INFO] [stdout] 
[INFO] [stdout] error[E0412]: cannot find type `HANDLE` in this scope
[INFO] [stdout]   --> asl-runtime/src/process.rs:36:13
[INFO] [stdout]    |
[INFO] [stdout] 36 |     handle: HANDLE,
[INFO] [stdout]    |             ^^^^^^ not found in this scope
[INFO] [stdout] 
[INFO] [stdout] 
[INFO] [stdout] error[E0425]: cannot find function, tuple struct or tuple variant `CloseHandle` in this scope
[INFO] [stdout]   --> asl-runtime/src/process.rs:44:13
[INFO] [stdout]    |
[INFO] [stdout] 44 |             CloseHandle(self.handle);
[INFO] [stdout]    |             ^^^^^^^^^^^ not found in this scope
[INFO] [stdout] 
[INFO] [stdout] 
[INFO] [stdout] error[E0425]: cannot find function, tuple struct or tuple variant `CreateToolhelp32Snapshot` in this scope
[INFO] [stdout]   --> asl-runtime/src/process.rs:56:28
[INFO] [stdout]    |
[INFO] [stdout] 56 |             let snapshot = CreateToolhelp32Snapshot(TH32CS_SNAPPROCESS, 0);
[INFO] [stdout]    |                            ^^^^^^^^^^^^^^^^^^^^^^^^ not found in this scope
[INFO] [stdout] 
[INFO] [stdout] 
[INFO] [stdout] error[E0425]: cannot find value `TH32CS_SNAPPROCESS` in this scope
[INFO] [stdout]   --> asl-runtime/src/process.rs:56:53
[INFO] [stdout]    |
[INFO] [stdout] 56 |             let snapshot = CreateToolhelp32Snapshot(TH32CS_SNAPPROCESS, 0);
[INFO] [stdout]    |                                                     ^^^^^^^^^^^^^^^^^^ not found in this scope
[INFO] [stdout] 
[INFO] [stdout] 
[INFO] [stdout] error[E0425]: cannot find value `INVALID_HANDLE_VALUE` in this scope
[INFO] [stdout]   --> asl-runtime/src/process.rs:58:28
[INFO] [stdout]    |
[INFO] [stdout] 58 |             if snapshot == INVALID_HANDLE_VALUE {
[INFO] [stdout]    |                            ^^^^^^^^^^^^^^^^^^^^ not found in this scope
[INFO] [stdout] 
[INFO] [stdout] 
[INFO] [stdout] error[E0412]: cannot find type `DWORD` in this scope
[INFO] [stdout]   --> asl-runtime/src/process.rs:67:44
[INFO] [stdout]    |
[INFO] [stdout] 49 | impl Process {
[INFO] [stdout]    |     - help: you might be missing a type parameter: `<DWORD>`
[INFO] [stdout] ...
[INFO] [stdout] 67 |             let mut best_process = None::<(DWORD, u64)>;
[INFO] [stdout]    |                                            ^^^^^ not found in this scope
[INFO] [stdout] 
[INFO] [stdout] 
[INFO] [stdout] error[E0412]: cannot find type `PROCESSENTRY32W` in this scope
[INFO] [stdout]   --> asl-runtime/src/process.rs:68:28
[INFO] [stdout]    |
[INFO] [stdout] 68 |             let mut entry: PROCESSENTRY32W = mem::uninitialized();
[INFO] [stdout]    |                            ^^^^^^^^^^^^^^^ not found in this scope
[INFO] [stdout] 
[INFO] [stdout] 
[INFO] [stdout] error[E0425]: cannot find function, tuple struct or tuple variant `Process32FirstW` in this scope
[INFO] [stdout]   --> asl-runtime/src/process.rs:71:16
[INFO] [stdout]    |
[INFO] [stdout] 71 |             if Process32FirstW(snapshot, &mut entry) != 0 {
[INFO] [stdout]    |                ^^^^^^^^^^^^^^^ not found in this scope
[INFO] [stdout] 
[INFO] [stdout] 
[INFO] [stdout] error[E0425]: cannot find function, tuple struct or tuple variant `OpenProcess` in this scope
[INFO] [stdout]   --> asl-runtime/src/process.rs:80:43
[INFO] [stdout]    |
[INFO] [stdout] 80 | ...                   let process = OpenProcess(PROCESS_QUERY_INFORMATION, false as _, pid);
[INFO] [stdout]    |                                     ^^^^^^^^^^^ not found in this scope
[INFO] [stdout]    |
[INFO] [stdout] help: consider importing this unit variant
[INFO] [stdout]    |
[INFO] [stdout] 1  | use process::Error::OpenProcess;
[INFO] [stdout]    |
[INFO] [stdout] 
[INFO] [stdout] 
[INFO] [stdout] error[E0425]: cannot find value `PROCESS_QUERY_INFORMATION` in this scope
[INFO] [stdout]   --> asl-runtime/src/process.rs:80:55
[INFO] [stdout]    |
[INFO] [stdout] 80 | ...                   let process = OpenProcess(PROCESS_QUERY_INFORMATION, false as _, pid);
[INFO] [stdout]    |                                                 ^^^^^^^^^^^^^^^^^^^^^^^^^ not found in this scope
[INFO] [stdout] 
[INFO] [stdout] 
[INFO] [stdout] error[E0425]: cannot find function, tuple struct or tuple variant `GetProcessTimes` in this scope
[INFO] [stdout]   --> asl-runtime/src/process.rs:83:47
[INFO] [stdout]    |
[INFO] [stdout] 83 | ...                   let success = GetProcessTimes(
[INFO] [stdout]    |                                     ^^^^^^^^^^^^^^^ not found in this scope
[INFO] [stdout] 
[INFO] [stdout] 
[INFO] [stdout] error[E0425]: cannot find function, tuple struct or tuple variant `CloseHandle` in this scope
[INFO] [stdout]   --> asl-runtime/src/process.rs:99:33
[INFO] [stdout]    |
[INFO] [stdout] 99 | ...                   CloseHandle(process);
[INFO] [stdout]    |                       ^^^^^^^^^^^ not found in this scope
[INFO] [stdout] 
[INFO] [stdout] 
[INFO] [stdout] error[E0425]: cannot find function, tuple struct or tuple variant `Process32NextW` in this scope
[INFO] [stdout]    --> asl-runtime/src/process.rs:104:24
[INFO] [stdout]     |
[INFO] [stdout] 104 |                     if Process32NextW(snapshot, &mut entry) == 0 {
[INFO] [stdout]     |                        ^^^^^^^^^^^^^^ not found in this scope
[INFO] [stdout] 
[INFO] [stdout] 
[INFO] [stdout] error[E0425]: cannot find function, tuple struct or tuple variant `CloseHandle` in this scope
[INFO] [stdout]    --> asl-runtime/src/process.rs:110:13
[INFO] [stdout]     |
[INFO] [stdout] 110 |             CloseHandle(snapshot);
[INFO] [stdout]     |             ^^^^^^^^^^^ not found in this scope
[INFO] [stdout] 
[INFO] [stdout] 
[INFO] [stdout] error[E0412]: cannot find type `DWORD` in this scope
[INFO] [stdout]    --> asl-runtime/src/process.rs:120:26
[INFO] [stdout]     |
[INFO] [stdout] 120 |     pub fn with_pid(pid: DWORD) -> Result<Self> {
[INFO] [stdout]     |                          ^^^^^ not found in this scope
[INFO] [stdout] 
[INFO] [stdout] 
[INFO] [stdout] error[E0425]: cannot find function, tuple struct or tuple variant `OpenProcess` in this scope
[INFO] [stdout]    --> asl-runtime/src/process.rs:122:26
[INFO] [stdout]     |
[INFO] [stdout] 122 |             let handle = OpenProcess(PROCESS_VM_READ | PROCESS_QUERY_INFORMATION, false as _, pid);
[INFO] [stdout]     |                          ^^^^^^^^^^^ not found in this scope
[INFO] [stdout]     |
[INFO] [stdout] help: consider importing this unit variant
[INFO] [stdout]     |
[INFO] [stdout] 1   | use process::Error::OpenProcess;
[INFO] [stdout]     |
[INFO] [stdout] 
[INFO] [stdout] 
[INFO] [stdout] error[E0425]: cannot find value `PROCESS_VM_READ` in this scope
[INFO] [stdout]    --> asl-runtime/src/process.rs:122:38
[INFO] [stdout]     |
[INFO] [stdout] 122 |             let handle = OpenProcess(PROCESS_VM_READ | PROCESS_QUERY_INFORMATION, false as _, pid);
[INFO] [stdout]     |                                      ^^^^^^^^^^^^^^^ not found in this scope
[INFO] [stdout] 
[INFO] [stdout] 
[INFO] [stdout] error[E0425]: cannot find value `PROCESS_QUERY_INFORMATION` in this scope
[INFO] [stdout]    --> asl-runtime/src/process.rs:122:56
[INFO] [stdout]     |
[INFO] [stdout] 122 |             let handle = OpenProcess(PROCESS_VM_READ | PROCESS_QUERY_INFORMATION, false as _, pid);
[INFO] [stdout]     |                                                        ^^^^^^^^^^^^^^^^^^^^^^^^^ not found in this scope
[INFO] [stdout] 
[INFO] [stdout] 
[INFO] [stdout] error[E0425]: cannot find function, tuple struct or tuple variant `CreateToolhelp32Snapshot` in this scope
[INFO] [stdout]    --> asl-runtime/src/process.rs:125:32
[INFO] [stdout]     |
[INFO] [stdout] 125 |                 let snapshot = CreateToolhelp32Snapshot(TH32CS_SNAPMODULE, pid);
[INFO] [stdout]     |                                ^^^^^^^^^^^^^^^^^^^^^^^^ not found in this scope
[INFO] [stdout] 
[INFO] [stdout] 
[INFO] [stdout] error[E0425]: cannot find value `TH32CS_SNAPMODULE` in this scope
[INFO] [stdout]    --> asl-runtime/src/process.rs:125:57
[INFO] [stdout]     |
[INFO] [stdout] 125 |                 let snapshot = CreateToolhelp32Snapshot(TH32CS_SNAPMODULE, pid);
[INFO] [stdout]     |                                                         ^^^^^^^^^^^^^^^^^ not found in this scope
[INFO] [stdout] 
[INFO] [stdout] 
[INFO] [stdout] error[E0425]: cannot find value `INVALID_HANDLE_VALUE` in this scope
[INFO] [stdout]    --> asl-runtime/src/process.rs:127:32
[INFO] [stdout]     |
[INFO] [stdout] 127 |                 if snapshot == INVALID_HANDLE_VALUE {
[INFO] [stdout]     |                                ^^^^^^^^^^^^^^^^^^^^ not found in this scope
[INFO] [stdout] 
[INFO] [stdout] 
[INFO] [stdout] error[E0425]: cannot find function, tuple struct or tuple variant `CloseHandle` in this scope
[INFO] [stdout]    --> asl-runtime/src/process.rs:128:21
[INFO] [stdout]     |
[INFO] [stdout] 128 |                     CloseHandle(handle);
[INFO] [stdout]     |                     ^^^^^^^^^^^ not found in this scope
[INFO] [stdout] 
[INFO] [stdout] 
[INFO] [stdout] error[E0412]: cannot find type `MODULEENTRY32W` in this scope
[INFO] [stdout]    --> asl-runtime/src/process.rs:133:32
[INFO] [stdout]     |
[INFO] [stdout] 133 |                 let mut entry: MODULEENTRY32W = mem::uninitialized();
[INFO] [stdout]     |                                ^^^^^^^^^^^^^^ not found in this scope
[INFO] [stdout] 
[INFO] [stdout] 
[INFO] [stdout] error[E0425]: cannot find function, tuple struct or tuple variant `Module32FirstW` in this scope
[INFO] [stdout]    --> asl-runtime/src/process.rs:136:20
[INFO] [stdout]     |
[INFO] [stdout] 136 |                 if Module32FirstW(snapshot, &mut entry) != 0 {
[INFO] [stdout]     |                    ^^^^^^^^^^^^^^ not found in this scope
[INFO] [stdout] 
[INFO] [stdout] 
[INFO] [stdout] error[E0425]: cannot find function, tuple struct or tuple variant `Module32NextW` in this scope
[INFO] [stdout]    --> asl-runtime/src/process.rs:147:28
[INFO] [stdout]     |
[INFO] [stdout] 147 |                         if Module32NextW(snapshot, &mut entry) == 0 {
[INFO] [stdout]     |                            ^^^^^^^^^^^^^ not found in this scope
[INFO] [stdout] 
[INFO] [stdout] 
[INFO] [stdout] error[E0412]: cannot find type `BOOL` in this scope
[INFO] [stdout]    --> asl-runtime/src/process.rs:158:36
[INFO] [stdout]     |
[INFO] [stdout] 158 |                     let mut pbool: BOOL = 0;
[INFO] [stdout]     |                                    ^^^^ not found in this scope
[INFO] [stdout] 
[INFO] [stdout] 
[INFO] [stdout] error[E0425]: cannot find function, tuple struct or tuple variant `IsWow64Process` in this scope
[INFO] [stdout]    --> asl-runtime/src/process.rs:159:21
[INFO] [stdout]     |
[INFO] [stdout] 159 |                     IsWow64Process(handle, &mut pbool);
[INFO] [stdout]     |                     ^^^^^^^^^^^^^^ not found in this scope
[INFO] [stdout] 
[INFO] [stdout] 
[INFO] [stdout] error[E0425]: cannot find function, tuple struct or tuple variant `CloseHandle` in this scope
[INFO] [stdout]    --> asl-runtime/src/process.rs:169:17
[INFO] [stdout]     |
[INFO] [stdout] 169 |                 CloseHandle(snapshot);
[INFO] [stdout]     |                 ^^^^^^^^^^^ not found in this scope
[INFO] [stdout] 
[INFO] [stdout] 
[INFO] [stdout] error[E0425]: cannot find function, tuple struct or tuple variant `ReadProcessMemory` in this scope
[INFO] [stdout]    --> asl-runtime/src/process.rs:193:30
[INFO] [stdout]     |
[INFO] [stdout] 193 |             let successful = ReadProcessMemory(
[INFO] [stdout]     |                              ^^^^^^^^^^^^^^^^^ not found in this scope
[INFO] [stdout] 
[INFO] [stdout] 
[INFO] [stdout] warning: trait objects without an explicit `dyn` are deprecated
[INFO] [stdout]   --> asl-runtime/src/runtime.rs:36:51
[INFO] [stdout]    |
[INFO] [stdout] 36 |     pub fn new(binary: &[u8]) -> Result<Self, Box<Error>> {
[INFO] [stdout]    |                                                   ^^^^^ help: use `dyn`: `dyn Error`
[INFO] [stdout]    |
[INFO] [stdout]    = note: `#[warn(bare_trait_objects)]` on by default
[INFO] [stdout]    = warning: this was previously accepted by the compiler but is being phased out; it will become a hard error in the 2021 edition!
[INFO] [stdout]    = note: for more information, see issue #80165 <https://github.com/rust-lang/rust/issues/80165>
[INFO] [stdout] 
[INFO] [stdout] 
[INFO] [stdout] warning: trait objects without an explicit `dyn` are deprecated
[INFO] [stdout]   --> asl-runtime/src/runtime.rs:70:63
[INFO] [stdout]    |
[INFO] [stdout] 70 |     pub fn step(&mut self) -> Result<Option<TimerAction>, Box<Error>> {
[INFO] [stdout]    |                                                               ^^^^^ help: use `dyn`: `dyn Error`
[INFO] [stdout]    |
[INFO] [stdout]    = warning: this was previously accepted by the compiler but is being phased out; it will become a hard error in the 2021 edition!
[INFO] [stdout]    = note: for more information, see issue #80165 <https://github.com/rust-lang/rust/issues/80165>
[INFO] [stdout] 
[INFO] [stdout] 
[INFO] [stdout] warning: trait objects without an explicit `dyn` are deprecated
[INFO] [stdout]   --> asl-runtime/src/runtime.rs:94:73
[INFO] [stdout]    |
[INFO] [stdout] 94 |     fn update_values(&mut self, just_connected: bool) -> Result<(), Box<Error>> {
[INFO] [stdout]    |                                                                         ^^^^^ help: use `dyn`: `dyn Error`
[INFO] [stdout]    |
[INFO] [stdout]    = warning: this was previously accepted by the compiler but is being phased out; it will become a hard error in the 2021 edition!
[INFO] [stdout]    = note: for more information, see issue #80165 <https://github.com/rust-lang/rust/issues/80165>
[INFO] [stdout] 
[INFO] [stdout] 
[INFO] [stdout] warning: trait objects without an explicit `dyn` are deprecated
[INFO] [stdout]    --> asl-runtime/src/runtime.rs:146:65
[INFO] [stdout]     |
[INFO] [stdout] 146 |     fn run_script(&mut self) -> Result<Option<TimerAction>, Box<Error>> {
[INFO] [stdout]     |                                                                 ^^^^^ help: use `dyn`: `dyn Error`
[INFO] [stdout]     |
[INFO] [stdout]     = warning: this was previously accepted by the compiler but is being phased out; it will become a hard error in the 2021 edition!
[INFO] [stdout]     = note: for more information, see issue #80165 <https://github.com/rust-lang/rust/issues/80165>
[INFO] [stdout] 
[INFO] [stdout] 
[INFO] [stdout] warning: trait objects without an explicit `dyn` are deprecated
[INFO] [stdout]    --> asl-runtime/src/runtime.rs:179:64
[INFO] [stdout]     |
[INFO] [stdout] 179 | fn into_memory(extern_val: ExternVal) -> Result<MemoryRef, Box<Error>> {
[INFO] [stdout]     |                                                                ^^^^^ help: use `dyn`: `dyn Error`
[INFO] [stdout]     |
[INFO] [stdout]     = warning: this was previously accepted by the compiler but is being phased out; it will become a hard error in the 2021 edition!
[INFO] [stdout]     = note: for more information, see issue #80165 <https://github.com/rust-lang/rust/issues/80165>
[INFO] [stdout] 
[INFO] [stdout] 
[INFO] [stdout] warning: use of deprecated function `std::mem::uninitialized`: use `mem::MaybeUninit` instead
[INFO] [stdout]   --> asl-runtime/src/process.rs:62:37
[INFO] [stdout]    |
[INFO] [stdout] 62 |             let mut creation_time = mem::uninitialized();
[INFO] [stdout]    |                                     ^^^^^^^^^^^^^^^^^^
[INFO] [stdout]    |
[INFO] [stdout]    = note: `#[warn(deprecated)]` on by default
[INFO] [stdout] 
[INFO] [stdout] 
[INFO] [stdout] warning: use of deprecated function `std::mem::uninitialized`: use `mem::MaybeUninit` instead
[INFO] [stdout]   --> asl-runtime/src/process.rs:63:33
[INFO] [stdout]    |
[INFO] [stdout] 63 |             let mut exit_time = mem::uninitialized();
[INFO] [stdout]    |                                 ^^^^^^^^^^^^^^^^^^
[INFO] [stdout] 
[INFO] [stdout] 
[INFO] [stdout] warning: use of deprecated function `std::mem::uninitialized`: use `mem::MaybeUninit` instead
[INFO] [stdout]   --> asl-runtime/src/process.rs:64:35
[INFO] [stdout]    |
[INFO] [stdout] 64 |             let mut kernel_time = mem::uninitialized();
[INFO] [stdout]    |                                   ^^^^^^^^^^^^^^^^^^
[INFO] [stdout] 
[INFO] [stdout] 
[INFO] [stdout] warning: use of deprecated function `std::mem::uninitialized`: use `mem::MaybeUninit` instead
[INFO] [stdout]   --> asl-runtime/src/process.rs:65:33
[INFO] [stdout]    |
[INFO] [stdout] 65 |             let mut user_time = mem::uninitialized();
[INFO] [stdout]    |                                 ^^^^^^^^^^^^^^^^^^
[INFO] [stdout] 
[INFO] [stdout] 
[INFO] [stdout] warning: use of deprecated function `std::mem::uninitialized`: use `mem::MaybeUninit` instead
[INFO] [stdout]   --> asl-runtime/src/process.rs:68:46
[INFO] [stdout]    |
[INFO] [stdout] 68 |             let mut entry: PROCESSENTRY32W = mem::uninitialized();
[INFO] [stdout]    |                                              ^^^^^^^^^^^^^^^^^^
[INFO] [stdout] 
[INFO] [stdout] 
[INFO] [stdout] warning: use of deprecated function `std::mem::uninitialized`: use `mem::MaybeUninit` instead
[INFO] [stdout]    --> asl-runtime/src/process.rs:133:49
[INFO] [stdout]     |
[INFO] [stdout] 133 |                 let mut entry: MODULEENTRY32W = mem::uninitialized();
[INFO] [stdout]     |                                                 ^^^^^^^^^^^^^^^^^^
[INFO] [stdout] 
[INFO] [stdout] 
[INFO] [stdout] warning: use of deprecated function `std::mem::uninitialized`: use `mem::MaybeUninit` instead
[INFO] [stdout]    --> asl-runtime/src/process.rs:191:34
[INFO] [stdout]     |
[INFO] [stdout] 191 |             let mut bytes_read = mem::uninitialized();
[INFO] [stdout]     |                                  ^^^^^^^^^^^^^^^^^^
[INFO] [stdout] 
[INFO] [stdout] 
[INFO] [stdout] warning: use of deprecated function `std::mem::uninitialized`: use `mem::MaybeUninit` instead
[INFO] [stdout]    --> asl-runtime/src/process.rs:212:27
[INFO] [stdout]     |
[INFO] [stdout] 212 |             let mut res = mem::uninitialized();
[INFO] [stdout]     |                           ^^^^^^^^^^^^^^^^^^
[INFO] [stdout] 
[INFO] [stdout] 
[INFO] [stdout] warning: use of deprecated associated function `std::error::Error::description`: use the Display impl or to_string()
[INFO] [stdout]   --> asl-runtime/src/process.rs:21:1
[INFO] [stdout]    |
[INFO] [stdout] 21 | / quick_error! {
[INFO] [stdout] 22 | |     #[derive(Debug)]
[INFO] [stdout] 23 | |     pub enum Error {
[INFO] [stdout] 24 | |         ListProcesses {}
[INFO] [stdout] ...  |
[INFO] [stdout] 30 | |     }
[INFO] [stdout] 31 | | }
[INFO] [stdout]    | |_^
[INFO] [stdout]    |
[INFO] [stdout]    = note: this warning originates in a macro (in Nightly builds, run with -Z macro-backtrace for more info)
[INFO] [stdout] 
[INFO] [stdout] 
[INFO] [stdout] warning: use of deprecated associated function `std::error::Error::description`: use the Display impl or to_string()
[INFO] [stdout]   --> asl-runtime/src/process.rs:21:1
[INFO] [stdout]    |
[INFO] [stdout] 21 | / quick_error! {
[INFO] [stdout] 22 | |     #[derive(Debug)]
[INFO] [stdout] 23 | |     pub enum Error {
[INFO] [stdout] 24 | |         ListProcesses {}
[INFO] [stdout] ...  |
[INFO] [stdout] 30 | |     }
[INFO] [stdout] 31 | | }
[INFO] [stdout]    | |_^
[INFO] [stdout]    |
[INFO] [stdout]    = note: this warning originates in a macro (in Nightly builds, run with -Z macro-backtrace for more info)
[INFO] [stdout] 
[INFO] [stdout] 
[INFO] [stdout] warning: use of deprecated associated function `std::error::Error::description`: use the Display impl or to_string()
[INFO] [stdout]   --> asl-runtime/src/process.rs:21:1
[INFO] [stdout]    |
[INFO] [stdout] 21 | / quick_error! {
[INFO] [stdout] 22 | |     #[derive(Debug)]
[INFO] [stdout] 23 | |     pub enum Error {
[INFO] [stdout] 24 | |         ListProcesses {}
[INFO] [stdout] ...  |
[INFO] [stdout] 30 | |     }
[INFO] [stdout] 31 | | }
[INFO] [stdout]    | |_^
[INFO] [stdout]    |
[INFO] [stdout]    = note: this warning originates in a macro (in Nightly builds, run with -Z macro-backtrace for more info)
[INFO] [stdout] 
[INFO] [stdout] 
[INFO] [stdout] warning: use of deprecated associated function `std::error::Error::description`: use the Display impl or to_string()
[INFO] [stdout]   --> asl-runtime/src/process.rs:21:1
[INFO] [stdout]    |
[INFO] [stdout] 21 | / quick_error! {
[INFO] [stdout] 22 | |     #[derive(Debug)]
[INFO] [stdout] 23 | |     pub enum Error {
[INFO] [stdout] 24 | |         ListProcesses {}
[INFO] [stdout] ...  |
[INFO] [stdout] 30 | |     }
[INFO] [stdout] 31 | | }
[INFO] [stdout]    | |_^
[INFO] [stdout]    |
[INFO] [stdout]    = note: this warning originates in a macro (in Nightly builds, run with -Z macro-backtrace for more info)
[INFO] [stdout] 
[INFO] [stdout] 
[INFO] [stdout] warning: use of deprecated associated function `std::error::Error::description`: use the Display impl or to_string()
[INFO] [stdout]   --> asl-runtime/src/process.rs:21:1
[INFO] [stdout]    |
[INFO] [stdout] 21 | / quick_error! {
[INFO] [stdout] 22 | |     #[derive(Debug)]
[INFO] [stdout] 23 | |     pub enum Error {
[INFO] [stdout] 24 | |         ListProcesses {}
[INFO] [stdout] ...  |
[INFO] [stdout] 30 | |     }
[INFO] [stdout] 31 | | }
[INFO] [stdout]    | |_^
[INFO] [stdout]    |
[INFO] [stdout]    = note: this warning originates in a macro (in Nightly builds, run with -Z macro-backtrace for more info)
[INFO] [stdout] 
[INFO] [stdout] 
[INFO] [stdout] warning: use of deprecated associated function `std::error::Error::description`: use the Display impl or to_string()
[INFO] [stdout]   --> asl-runtime/src/process.rs:21:1
[INFO] [stdout]    |
[INFO] [stdout] 21 | / quick_error! {
[INFO] [stdout] 22 | |     #[derive(Debug)]
[INFO] [stdout] 23 | |     pub enum Error {
[INFO] [stdout] 24 | |         ListProcesses {}
[INFO] [stdout] ...  |
[INFO] [stdout] 30 | |     }
[INFO] [stdout] 31 | | }
[INFO] [stdout]    | |_^
[INFO] [stdout]    |
[INFO] [stdout]    = note: this warning originates in a macro (in Nightly builds, run with -Z macro-backtrace for more info)
[INFO] [stdout] 
[INFO] [stdout] 
[INFO] [stderr]    Compiling shrev v1.0.1
[INFO] [stdout] error[E0599]: no function or associated item named `from_wide` found for struct `OsString` in the current scope
[INFO] [stdout]   --> asl-runtime/src/process.rs:77:53
[INFO] [stdout]    |
[INFO] [stdout] 77 |                         let entry_name = &OsString::from_wide(entry_name);
[INFO] [stdout]    |                                                     ^^^^^^^^^ function or associated item not found in `OsString`
[INFO] [stdout] 
[INFO] [stdout] 
[INFO] [stdout] error[E0599]: no function or associated item named `from_wide` found for struct `OsString` in the current scope
[INFO] [stdout]    --> asl-runtime/src/process.rs:143:50
[INFO] [stdout]     |
[INFO] [stdout] 143 | ...                   let name = OsString::from_wide(name).to_string_lossy().into_owned();
[INFO] [stdout]     |                                            ^^^^^^^^^ function or associated item not found in `OsString`
[INFO] [stdout] 
[INFO] [stdout] 
[INFO] [stdout] error: aborting due to 35 previous errors; 19 warnings emitted
[INFO] [stdout] 
[INFO] [stdout] 
[INFO] [stdout] Some errors have detailed explanations: E0412, E0425, E0433, E0599.
[INFO] [stdout] 
[INFO] [stdout] For more information about an error, try `rustc --explain E0412`.
[INFO] [stdout] 
[INFO] [stderr] error: could not compile `asl-runtime`
[INFO] [stderr] 
[INFO] [stderr] To learn more, run the command again with --verbose.
[INFO] [stderr] warning: build failed, waiting for other jobs to finish...
[INFO] [stderr] error: build failed
[INFO] running `Command { std: "docker" "inspect" "e28fe127f695a0e330c8effee7881efb5052b4ba22d8769e78e8f2af7449b018", kill_on_drop: false }`
[INFO] running `Command { std: "docker" "rm" "-f" "e28fe127f695a0e330c8effee7881efb5052b4ba22d8769e78e8f2af7449b018", kill_on_drop: false }`
[INFO] [stdout] e28fe127f695a0e330c8effee7881efb5052b4ba22d8769e78e8f2af7449b018
